{"id":4821,"date":"2019-10-21T20:15:08","date_gmt":"2019-10-21T18:15:08","guid":{"rendered":"https:\/\/www.sartrouville-escalade.fr\/worexp\/?post_type=product&#038;p=4821"},"modified":"2019-10-21T22:20:12","modified_gmt":"2019-10-21T20:20:12","slug":"sac-de-magnesie-concassee-de-200-gr-easygrip","status":"publish","type":"product","link":"https:\/\/www.sartrouville-escalade.fr\/worexp\/index.php\/produit\/sac-de-magnesie-concassee-de-200-gr-easygrip\/","title":{"rendered":"Sac de magn\u00e9sie concass\u00e9e de 200 gr EASYGRIP"},"content":{"rendered":"<p>Magn\u00e9sie concass\u00e9e livr\u00e9e en sac de 200 gramme vrac, qualit\u00e9 sup\u00e9rieure.<\/p>\n<p>Id\u00e9al pour recharger vos sacs ou bacs de magn\u00e9sie.<\/p>\n<p>A utiliser pour tous les sports n\u00e9cessitant une prise en main ferme et sure.<\/p>\n<p>Sp\u00e9cialement con\u00e7u pour vous assurer une bonne accroche.<\/p>\n<p>Prix d\u00e9gressif en fonction des quantit\u00e9s<\/p>\n","protected":false},"excerpt":{"rendered":"<p>Magn\u00e9sie concass\u00e9e livr\u00e9e en sac de 200 gramme vrac, qualit\u00e9 sup\u00e9rieure. Id\u00e9al pour recharger vos sacs ou bacs de magn\u00e9sie. A utiliser pour tous les sports n\u00e9cessitant une prise en &hellip; <a href=\"https:\/\/www.sartrouville-escalade.fr\/worexp\/index.php\/produit\/sac-de-magnesie-concassee-de-200-gr-easygrip\/\" class=\"more-link\">Continuer la lecture de <span class=\"screen-reader-text\">Sac de magn\u00e9sie concass\u00e9e de 200 gr EASYGRIP<\/span>  <span class=\"meta-nav\">&rarr;<\/span><\/a><\/p>\n","protected":false},"featured_media":0,"template":"","meta":{"_bbp_topic_count":0,"_bbp_reply_count":0,"_bbp_total_topic_count":0,"_bbp_total_reply_count":0,"_bbp_voice_count":0,"_bbp_anonymous_reply_count":0,"_bbp_topic_count_hidden":0,"_bbp_reply_count_hidden":0,"_bbp_forum_subforum_count":0},"product_brand":[],"product_cat":[69],"product_tag":[],"class_list":{"0":"post-4821","1":"product","2":"type-product","3":"status-publish","5":"product_cat-magnesie-poudre","7":"first","8":"outofstock","9":"shipping-taxable","10":"purchasable","11":"product-type-simple"},"post_mailing_queue_ids":[],"_links":{"self":[{"href":"https:\/\/www.sartrouville-escalade.fr\/worexp\/index.php\/wp-json\/wp\/v2\/product\/4821","targetHints":{"allow":["GET"]}}],"collection":[{"href":"https:\/\/www.sartrouville-escalade.fr\/worexp\/index.php\/wp-json\/wp\/v2\/product"}],"about":[{"href":"https:\/\/www.sartrouville-escalade.fr\/worexp\/index.php\/wp-json\/wp\/v2\/types\/product"}],"wp:attachment":[{"href":"https:\/\/www.sartrouville-escalade.fr\/worexp\/index.php\/wp-json\/wp\/v2\/media?parent=4821"}],"wp:term":[{"taxonomy":"product_brand","embeddable":true,"href":"https:\/\/www.sartrouville-escalade.fr\/worexp\/index.php\/wp-json\/wp\/v2\/product_brand?post=4821"},{"taxonomy":"product_cat","embeddable":true,"href":"https:\/\/www.sartrouville-escalade.fr\/worexp\/index.php\/wp-json\/wp\/v2\/product_cat?post=4821"},{"taxonomy":"product_tag","embeddable":true,"href":"https:\/\/www.sartrouville-escalade.fr\/worexp\/index.php\/wp-json\/wp\/v2\/product_tag?post=4821"}],"curies":[{"name":"wp","href":"https:\/\/api.w.org\/{rel}","templated":true}]}}