{"id":5435,"date":"2019-11-11T14:23:00","date_gmt":"2019-11-11T13:23:00","guid":{"rendered":"https:\/\/www.sartrouville-escalade.fr\/worexp\/?post_type=product&#038;p=5435"},"modified":"2019-12-16T22:58:27","modified_gmt":"2019-12-16T21:58:27","slug":"sweat-femme","status":"publish","type":"product","link":"https:\/\/www.sartrouville-escalade.fr\/worexp\/index.php\/produit\/sweat-femme\/","title":{"rendered":"Sweat femme"},"content":{"rendered":"<ul id=\"productInfo\">\n<li><b>Maille<\/b>: 80% coton, 20% polyester<\/li>\n<li><b>Poids:<\/b> 240gr\/m\u00b2<\/li>\n<\/ul>\n<ul id=\"productBullets\">\n<li>Sweat non gratt\u00e9 et l\u00e9ger<\/li>\n<li>Manches raglan<\/li>\n<li>Capuche avec cordon ton sur ton plat<\/li>\n<li>Deux poches Kangourou<\/li>\n<li>Taille et poignets avec bord c\u00f4te en coton\/Lycra\u00ae<\/li>\n<\/ul>\n<p><img loading=\"lazy\" decoding=\"async\" class=\"small_badge\" src=\"https:\/\/www.fruitoftheloom.fr\/images\/UI\/EthicalCotton.svg\" width=\"40\" height=\"40\" \/>\u00a0<img loading=\"lazy\" decoding=\"async\" class=\"small_badge\" src=\"https:\/\/www.fruitoftheloom.fr\/images\/UI\/FruitCode_logo_GREEN.svg\" width=\"40\" height=\"40\" \/>\u00a0<img loading=\"lazy\" decoding=\"async\" class=\"small_badge\" src=\"https:\/\/www.fruitoftheloom.fr\/images\/UI\/WRAPLogo.svg\" width=\"40\" height=\"40\" \/><\/p>\n","protected":false},"excerpt":{"rendered":"<p>Maille: 80% coton, 20% polyester Poids: 240gr\/m\u00b2 Sweat non gratt\u00e9 et l\u00e9ger Manches raglan Capuche avec cordon ton sur ton plat Deux poches Kangourou Taille et poignets avec bord c\u00f4te &hellip; <a href=\"https:\/\/www.sartrouville-escalade.fr\/worexp\/index.php\/produit\/sweat-femme\/\" class=\"more-link\">Continuer la lecture de <span class=\"screen-reader-text\">Sweat femme<\/span>  <span class=\"meta-nav\">&rarr;<\/span><\/a><\/p>\n","protected":false},"featured_media":0,"template":"","meta":{"_bbp_topic_count":0,"_bbp_reply_count":0,"_bbp_total_topic_count":0,"_bbp_total_reply_count":0,"_bbp_voice_count":0,"_bbp_anonymous_reply_count":0,"_bbp_topic_count_hidden":0,"_bbp_reply_count_hidden":0,"_bbp_forum_subforum_count":0},"product_brand":[],"product_cat":[82,80],"product_tag":[],"class_list":{"0":"post-5435","1":"product","2":"type-product","3":"status-publish","5":"product_cat-sweat_femme","6":"product_cat-sweats","8":"first","9":"outofstock","10":"shipping-taxable","11":"purchasable","12":"product-type-variable"},"post_mailing_queue_ids":[],"_links":{"self":[{"href":"https:\/\/www.sartrouville-escalade.fr\/worexp\/index.php\/wp-json\/wp\/v2\/product\/5435","targetHints":{"allow":["GET"]}}],"collection":[{"href":"https:\/\/www.sartrouville-escalade.fr\/worexp\/index.php\/wp-json\/wp\/v2\/product"}],"about":[{"href":"https:\/\/www.sartrouville-escalade.fr\/worexp\/index.php\/wp-json\/wp\/v2\/types\/product"}],"wp:attachment":[{"href":"https:\/\/www.sartrouville-escalade.fr\/worexp\/index.php\/wp-json\/wp\/v2\/media?parent=5435"}],"wp:term":[{"taxonomy":"product_brand","embeddable":true,"href":"https:\/\/www.sartrouville-escalade.fr\/worexp\/index.php\/wp-json\/wp\/v2\/product_brand?post=5435"},{"taxonomy":"product_cat","embeddable":true,"href":"https:\/\/www.sartrouville-escalade.fr\/worexp\/index.php\/wp-json\/wp\/v2\/product_cat?post=5435"},{"taxonomy":"product_tag","embeddable":true,"href":"https:\/\/www.sartrouville-escalade.fr\/worexp\/index.php\/wp-json\/wp\/v2\/product_tag?post=5435"}],"curies":[{"name":"wp","href":"https:\/\/api.w.org\/{rel}","templated":true}]}}